2, 13, 163, 706009
List the prime factors of 133960165.
5, 19, 23, 37, 1657
What are the prime factors of 113140817?
113140817
What are the prime factors of 16194513?
3, 5398171
List the prime factors of 112091491.
3533, 31727
List the prime factors of 42900151.
7, 1531, 4003
What are the prime factors of 61336267?
61336267
What are the prime factors of 18678806?
2, 23, 239, 1699
What are the prime factors of 180635668?
2, 41, 409, 2693
What are the prime factors of 153028995?
3, 5, 7, 1457419
List the prime factors of 3506633315.
5, 701326663
What are the prime factors of 357818354?
2, 178909177
What are the prime factors of 12163905?
3, 5, 13, 29, 239
What are the prime factors of 46993356?
2, 3, 1305371
What are the prime factors of 2332595240?
2, 5, 4723, 12347
List the prime factors of 631463566.
2, 1327, 237929
What are the prime factors of 1767967912?
2, 89, 769, 3229
List the prime factors of 997047858.
2, 3, 17, 1499, 6521
What are the prime factors of 31802805?
3, 5, 706729
List the prime factors of 5186142268.
2, 29, 44708123
What are the prime factors of 2375927002?
2, 23, 1607, 32141
List the prime factors of 536465340.
2, 3, 5, 23, 129581
List the prime factors of 643688664.
2, 3, 26820361
What are the prime factors of 181286399?
7, 25898057
List the prime factors of 80607527.
7, 11, 13, 80527
What are the prime factors of 55567874?
2, 41, 677657
List the prime factors of 72185589.
3, 7, 1145803
What are the prime factors of 7032066217?
11, 59, 10835233
What are the prime factors of 1446955620?
2, 3, 5, 11, 569, 3853
List the prime factors of 883137439.
883137439
What are the prime factors of 653374?
2, 326687
List the prime factors of 69716988.
2, 3, 11, 176053
What are the prime factors of 3629291306?
2, 89, 229093
What are the prime factors of 211900993?
211900993
What are the prime factors of 33966855?
3, 5, 13, 31, 1873
What are the prime factors of 372321439?
7, 31, 1715767
List the prime factors of 63467055.
3, 5, 103, 13693
What are the prime factors of 503274532?
2, 523, 240571
List the prime factors of 33673853.
1181, 28513
List the prime factors of 47283110.
2, 5, 7, 109, 6197
What are the prime factors of 91009649?
379, 240131
List the prime factors of 27174607.
27174607
List the prime factors of 418736790.
2, 3, 5, 516959
List the prime factors of 38739321.
3, 4304369
List the prime factors of 58257383.
1993, 29231
What are the prime factors of 186389381?
11027, 16903
What are the prime factors of 228549380?
2, 5, 11427469
What are the prime factors of 4522839319?
73, 569, 108887
List the prime factors of 43077504.
2, 3, 112181
What are the prime factors of 470093992?
2, 6581, 8929
What are the prime factors of 22488248?
2, 19, 147949
List the prime factors of 221583990.
2, 3, 5, 53, 139361
What are the prime factors of 87521481?
3, 317, 30677
What are the prime factors of 701351398?
2, 11, 443, 71963
List the prime factors of 4992123766.
2, 7, 356580269
List the prime factors of 83503701.
3, 109, 85121
What are the prime factors of 447379610?
2, 5, 349, 128189
What are the prime factors of 31296820?
2, 5, 37, 42293
What are the prime factors of 304692996?
2, 3, 491, 51713
List the prime factors of 31536699.
3, 67, 156899
List the prime factors of 112875180.
2, 3, 5, 11, 171023
List the prime factors of 1683829.
7, 41, 5867
List the prime factors of 33979513.
1129, 30097
What are the prime factors of 15627380?
2, 5, 781369
What are the prime factors of 322826036?
2, 13, 19, 37, 8831
What are the prime factors of 1215475754?
2, 43, 14133439
List the prime factors of 72315447.
3, 743, 32443
List the prime factors of 38383707.
3, 479, 26711
List the prime factors of 126794748.
2, 3, 2633, 4013
What are the prime factors of 80839506?
2, 3, 11, 31, 39511
List the prime factors of 9958262.
2, 4979131
List the prime factors of 1438497079.
7039, 204361
What are the prime factors of 29331534?
2, 3, 4888589
List the prime factors of 135142109.
41, 3296149
List the prime factors of 556592955.
3, 5, 569, 65213
What are the prime factors of 5703576891?
3, 17, 111834841
List the prime factors of 100815654.
2, 3, 16802609
List the prime factors of 54004915.
5, 383, 28201
List the prime factors of 1269503805.
3, 5, 269, 314623
What are the prime factors of 31948304?
2, 17, 73, 1609
What are the prime factors of 2636642150?
2, 5, 59, 893777
What are the prime factors of 719697387?
3, 239899129
What are the prime factors of 52354696?
2, 17, 384961
List the prime factors of 453222471.
3, 13, 73, 159193
What are the prime factors of 98365257?
3, 113, 311
List the prime factors of 864753133.
864753133
What are the prime factors of 189710866?
2, 29, 653, 5009
List the prime factors of 1031646672.
2, 3, 7, 389, 877
What are the prime factors of 2792137766?
2, 11, 17, 67, 111427
List the prime factors of 15693745.
5, 67, 79, 593
What are the prime factors of 1419147131?
17, 83479243
List the prime factors of 231908014.
2, 13, 8919539
What are the prime factors of 438357485?
5, 47, 89, 20959
List the prime factors of 194805286.
2, 13, 157, 3671
What are the prime factors of 1001847498?
2, 3, 173, 965171
What are the prime factors of 45805821?
3, 73, 209159
What are the prime factors of 698241030?
2, 3, 5, 23274701
What are the prime factors of 397516157?
19, 311, 67273
List the prime factors of 497506394.
2, 7, 11, 17, 307, 619
What are the prime factors of 31188221?
53, 193, 3049
What are the prime factors of 312821886?
2, 3, 13, 4010537
What are the prime factors of 1101422689?
23, 2011, 23813
List the prime factors of 149061537.
3, 29, 149, 3833
List the prime factors of 64668333.
3, 67, 321733
What are the prime factors of 115439101?
115439101
List the prime factors of 895447344.
2, 3, 11, 137, 12379
List the prime factors of 39805007.
11, 17, 37, 523
List the prime factors of 16129953.
3, 7, 256031
What are the prime factors of 13774944?
2, 3, 143489
What are the prime factors of 84239132?
2, 4003, 5261
List the prime factors of 740423092.
2, 185105773
List the prime factors of 45607630.
2, 5, 593, 7691
List the prime factors of 4098260.
2, 5, 204913
List the prime factors of 4425036520.
2, 5, 41, 2698193
List the prime factors of 518376534.
2, 3, 13, 1787, 3719
List the prime factors of 37105618.
2, 11, 53, 263
What are the prime factors of 122587865?
5, 24517573
List the prime factors of 356755717.
15889, 22453
What are the prime factors of 3890289559?
13, 299253043
List the prime factors of 239609015.
5, 5077, 9439
List the prime factors of 659438890.
2, 5, 11, 19, 315521
List the prime factors of 119224267.
119224267
What are the prime factors of 81773216?
2, 7, 79, 4621
What are the prime factors of 45457998?
2, 3, 7576333
What are the prime factors of 23237142?
2, 3, 181, 21397
List the prime factors of 1038391210.
2, 5, 47, 2209343
List the prime factors of 235794956.
2, 151, 390389
List the prime factors of 529899672.
2, 3, 821, 26893
What are the prime factors of 203719985?
5, 7, 5820571
List the prime factors of 33442032.
2, 3, 13, 53593
List the prime factors of 137922601.
223, 673, 919
What are the prime factors of 31436158?
2, 13, 1209083
What are the prime factors of 63513532?
2, 211, 75253
What are the prime factors of 280266308?
2, 7, 10009511
List the prime factors of 7434713159.
24659, 301501
What are the prime factors of 155177513?
17, 9128089
List the prime factors of 2623376605.
5, 151, 163, 21317
List the prime factors of 47619878.
2, 23809939
List the prime factors of 195756135.
3, 5, 103, 126703
List the prime factors of 19054097.
23, 137, 6047
What are the prime factors of 359288417?
359288417
List the prime factors of 38691835.
5, 7, 13, 85037
What are the prime factors of 403058781?
3, 61, 101, 2423
What are the prime factors of 345659370?
2, 3, 5, 7, 43, 101, 379
What are the prime factors of 832875841?
7, 389, 305867
List the prime factors of 2255622.
2, 3, 31, 67, 181
List the prime factors of 3188402699.
859, 3711761
What are the prime factors of 1522732276?
2, 13, 19, 31, 83, 599
List the prime factors of 204666564.
2, 3, 79, 215893
List the prime factors of 14093815.
5, 83, 33961
List the prime factors of 53572357.
53572357
What are the prime factors of 142636794?
2, 3, 23772799
What are the prime f